{"id":1673,"date":"2022-11-20T13:53:48","date_gmt":"2022-11-20T13:53:48","guid":{"rendered":"https:\/\/carthage-tech.net\/demo\/catram\/?page_id=1673"},"modified":"2022-11-20T13:53:48","modified_gmt":"2022-11-20T13:53:48","slug":"commissionaire-en-douane","status":"publish","type":"page","link":"https:\/\/catram-dz.com\/?page_id=1673","title":{"rendered":"Commissionaire en Douane"},"content":{"rendered":"<div class=\"wpb-content-wrapper\"><p>[vc_row][vc_column width=\u00a0\u00bb1\/2&Prime;]<div id=\"cz_102352\" class=\"cz_102352 cz_title clr cz_title_pos_inline\"><div class=\"cz_title_content\"><div class=\"cz_wpe_content\"><div id=\"cz_dd47vel8c\" class=\"cz_tab\">\n<div>\n<div id=\"cz_100560\" class=\"cz_100560 cz_title clr cz_title_pos_inline\">\n<div class=\"cz_title_content\">\n<div class=\"cz_wpe_content\">\n<p>Dans une \u00e9conomie mondialis\u00e9e, les op\u00e9rations douani\u00e8res comportent un grand nombre de r\u00e9glementations complexes en constante \u00e9volution. Un courtage en douane efficace et la conformit\u00e9 totale avec les exigences en mati\u00e8re de s\u00e9curit\u00e9 et de s\u00fbret\u00e9 du fret sont essentiels \u00e0 la fluidit\u00e9 de la gestion de la supply chain.<\/p>\n<p>&nbsp;<\/p>\n<p>L\u2019une des activit\u00e9s principales de <strong>CATRAM<\/strong> est le m\u00e9tier de commissionnaire en douane consistant \u00e0 accomplir les formalit\u00e9s douani\u00e8res \u00e0 l\u2019importation et \u00e0 l\u2019exportation sur tout le territoire national.<\/p>\n<p>&nbsp;<\/p>\n<p>Nous mettons \u00e0 la disposition de nos clients des \u00e9quipes de professionnels performants pouvant accomplir toute op\u00e9ration de d\u00e9douanement \u00e0 l\u2019import comme \u00e0 l\u2019export sous tous les r\u00e9gimes.Avec un personnelle tr\u00e8s active ayant plus de 20 ans d\u2019exp\u00e9rience, nous offrons les meilleurs services pour un d\u00e9douanement efficace et une livraison rapide dans tous les bureaux frontaliers de la douane alg\u00e9rienne.<\/p>\n<p>&nbsp;<\/p>\n<p><strong>UNE GAMME COMPL\u00c8TE DE SERVICES DOUANE &amp; CONFORMIT\u00c9 R\u00c9GLEMENTAIRE<\/strong><\/p>\n<p>\u2022 Conseil personnalis\u00e9 : analyse des flux douaniers et expertise dans diff\u00e9rents domaines (r\u00e9glementations, proc\u00e9dures, r\u00e9gimes douaniers)<br \/>\n\u2022 D\u00e9douanement centralis\u00e9<\/p>\n<\/div>\n<\/div>\n<\/div>\n<\/div>\n<\/div>\n<\/div><\/div><\/div>[\/vc_column][vc_column width=\u00a0\u00bb1\/2&Prime;]<div id=\"cz_61646\" class=\"cz_61646 cz_image clr cz_image_no_fx center_on_mobile\"><div class=\"\" ><div class=\"cz_image_in\"><div class=\"cz_main_image\"><img decoding=\"async\" width=\"1000\" height=\"563\" src=\"https:\/\/catram-dz.com\/wp-content\/uploads\/2022\/11\/commissionnaire-douane.jpg\" class=\"attachment-full\" alt=\"\" title=\"commissionnaire-douane\" srcset=\"https:\/\/catram-dz.com\/wp-content\/uploads\/2022\/11\/commissionnaire-douane.jpg 1000w, https:\/\/catram-dz.com\/wp-content\/uploads\/2022\/11\/commissionnaire-douane-300x169.jpg 300w, https:\/\/catram-dz.com\/wp-content\/uploads\/2022\/11\/commissionnaire-douane-768x432.jpg 768w, https:\/\/catram-dz.com\/wp-content\/uploads\/2022\/11\/commissionnaire-douane-600x338.jpg 600w\" sizes=\"(max-width: 1000px) 100vw, 1000px\" \/><\/div><\/div><\/div><\/div>[\/vc_column][\/vc_row]<\/p>\n<\/div>","protected":false},"excerpt":{"rendered":"<p>[vc_row][vc_column width=\u00a0\u00bb1\/2&Prime;][\/vc_column][vc_column width=\u00a0\u00bb1\/2&Prime;][\/vc_column][\/vc_row] &#8230; <\/p>\n","protected":false},"author":1,"featured_media":0,"parent":1522,"menu_order":0,"comment_status":"closed","ping_status":"closed","template":"","meta":{"footnotes":""},"class_list":["post-1673","page","type-page","status-publish","hentry"],"_links":{"self":[{"href":"https:\/\/catram-dz.com\/index.php?rest_route=\/wp\/v2\/pages\/1673","targetHints":{"allow":["GET"]}}],"collection":[{"href":"https:\/\/catram-dz.com\/index.php?rest_route=\/wp\/v2\/pages"}],"about":[{"href":"https:\/\/catram-dz.com\/index.php?rest_route=\/wp\/v2\/types\/page"}],"author":[{"embeddable":true,"href":"https:\/\/catram-dz.com\/index.php?rest_route=\/wp\/v2\/users\/1"}],"replies":[{"embeddable":true,"href":"https:\/\/catram-dz.com\/index.php?rest_route=%2Fwp%2Fv2%2Fcomments&post=1673"}],"version-history":[{"count":0,"href":"https:\/\/catram-dz.com\/index.php?rest_route=\/wp\/v2\/pages\/1673\/revisions"}],"up":[{"embeddable":true,"href":"https:\/\/catram-dz.com\/index.php?rest_route=\/wp\/v2\/pages\/1522"}],"wp:attachment":[{"href":"https:\/\/catram-dz.com\/index.php?rest_route=%2Fwp%2Fv2%2Fmedia&parent=1673"}],"curies":[{"name":"wp","href":"https:\/\/api.w.org\/{rel}","templated":true}]}}